{"id":2081,"date":"2024-05-08T10:08:47","date_gmt":"2024-05-08T10:08:47","guid":{"rendered":"https:\/\/www.tvsporten.dk\/betting\/?page_id=2081"},"modified":"2025-02-07T14:32:59","modified_gmt":"2025-02-07T13:32:59","slug":"betting-tips","status":"publish","type":"page","link":"https:\/\/www.tvsporten.dk\/betting\/eurovision\/tips\/","title":{"rendered":"Eurovision Betting Guide"},"content":{"rendered":"\n<p>Velkommen til denne ultimative guide til at spille p\u00e5 <a href=\"https:\/\/www.tvsporten.dk\/betting\/eurovision\/\"><strong>Eurovision song Contest 2024<\/strong><\/a>. Uagtet om du er en rutineret sportsbettor eller helt ny inden for betting, kan du finde nyttig information om Eurovision 2024 betting.<\/p>\n\n\n\n<p>Eurovision Song Contest 2024 afholdes i Malm\u00f6 Arena i Sverige for anden gang i Eurovisions historie. \u00c5rets Eurovision finder sted fra tirsdag d. 7. maj til og med l\u00f8rdag d. 11. maj, hvor finalen i Eurovision afholdes og vinderen skal findes.<\/p>\n\n\n\n<p>Den seneste danske Eurovision sejr stod Emmelie de Forest for i 2013, da hun netop vandt Eurovision i Malm\u00f8 med sangen &#8220;Only Teardrops. Tidligere har Grethe og J\u00f8rgen Ingmann og Br\u00f8drene Olsen vundet Eurovision for Danmark med henholdsvis &#8220;Dansevise&#8221; og &#8220;Fly on the Wings of Love&#8221;. De danske chancer for triumf i Sverige er dog ikke store, og det er ikke sikkert, at Danmark g\u00e5r videre fra semifinalerne.<\/p>\n\n\n\n<p>I guiden kan du l\u00e6se gode r\u00e5d til Eurovision betting p\u00e5 den popul\u00e6re konkurrence.<\/p>\n\n\n\n<h2 class=\"wp-block-heading\" id=\"h-\"><\/h2>\n\n\n\n\n\n\n<h2 class=\"wp-block-heading\">Forst\u00e5else af Eurovision betting<\/h2>\n\n\n\n<p>Der er mange forskellige odds p\u00e5 Eurovision hos bookmakerne i Danmark. Du kan fx finde Eurovision odds p\u00e5 alt fra vinderen af konkurrencen til placeringer for de deltagende nationer. Du kan blandt andet ogs\u00e5 finde odds p\u00e5, hvem der vinder semifinale 1 og semifinale 2.<\/p>\n\n\n\n<p>Herunder kan du i punktform se forskellige typer af Eurovision odds, der kan findes hos danske bookmakere.<\/p>\n\n\n\n<ul class=\"wp-block-list\">\n<li>Vinder af Eurovision Song Contest: Her kan du placere en indsats p\u00e5, hvilken nation der vinder den store finale i Eurovision 2024. N\u00e5r du skal v\u00e6lge, hvem du vil spille p\u00e5, kan du fx se p\u00e5, hvilken sang der er bookmakernes favorit til at vinde.<\/li>\n\n\n\n<li>Top 5-placering: Som n\u00e6vnt l\u00e6ngere oppe kan du ogs\u00e5 spille p\u00e5 placeringer til \u00e5rets Eurovision. Du kan fx spille p\u00e5 Danmark til at komme i top 5, Estland til at komme i top 5, Gr\u00e6kenland til at komme i top 5 og mange flere.<\/li>\n\n\n\n<li>Specialodds: Du finder ogs\u00e5 andre specielle markeder p\u00e5 Eurovision hos flere bookmakere. Hos nogle spiludbydere kan du fx spille p\u00e5 det bedste baltiske land i konkurrencen, det bedste nordiske land og s\u00e5 videre.<\/li>\n<\/ul>\n\n\n\n<h2 class=\"wp-block-heading\">Indsigter i Eurovision 2021 finalen<\/h2>\n\n\n\n<p>I 2021 vandt M\u00e5neskin med sangen &#8220;Zitti e buoni&#8221;, men det l\u00e5 ikke i kortene, at Italien ville vinde Eurovision i 2021. En m\u00e5ned f\u00f8r Eurovision 2021 begyndte, var det Malta, der var bookmakernes st\u00f8rste favorit til at vinde konkurrencen, men da det samlede regnskab skulle g\u00f8res op i finalen, havde de kun f\u00e5et stemmer nok til en plads som nummer 7.<\/p>\n\n\n\n<p>M\u00e5neskin og Italien var kun den femtest\u00f8rste favorit blandt spiludbyderne en m\u00e5ned f\u00f8r Eurovision det \u00e5r, og det fort\u00e6ller noget om, at du ikke kan regne med, at favoritten hos bookmakerne ogs\u00e5 ender med at vinde konkurrencen.<\/p>\n\n\n\n<h2 class=\"wp-block-heading\">Centrale optr\u00e6dender og deres indvirkning p\u00e5 betting<\/h2>\n\n\n\n<p>Hvis en nation leverer en god performance live p\u00e5 scenen ved Eurovision, kan det \u00e6ndre p\u00e5 Eurovision odds hos spiludbyderne, og det var det, vi s\u00e5 i 2021, hvor M\u00e5neskin og Italien som n\u00e6vnt vandt.<\/p>\n\n\n\n<p>Du kan med fordel holde \u00f8je med alle optr\u00e6dender ved Eurovision og h\u00f8re alle sangene, og s\u00e5 kan du vurdere, om du tror, der er flest stemmer i en af bookmakernes favoritter eller en outsider som Danmark, der ikke levnes mange chancer for succes i Sverige til Eurovision 2024.<\/p>\n\n\n\n<h2 class=\"wp-block-heading\">S\u00e5dan oddser du p\u00e5 Eurovision<\/h2>\n\n\n\n<p>I dette afsnit af vores betting guide p\u00e5 Eurovision 2024 kan du trin for trin l\u00e6se, hvad du skal g\u00f8re, hvis du gerne vil placere et v\u00e6ddem\u00e5l p\u00e5 Eurovision Song Contest hos en online spiludbyder.<\/p>\n\n\n\n<p>F\u00f8rst og fremmest er det vigtigt, at du spiller hos en udbyder, som har licens i Danmark. Du kan se alle tilladelsesindehaverne p\u00e5 Spillemyndighedens hjemmeside.<\/p>\n\n\n\n<p>L\u00e6s herunder, hvordan du kan spille p\u00e5 Eurovision.<\/p>\n\n\n\n<ul class=\"wp-block-list\">\n<li>V\u00e6lg en p\u00e5lidelig betting side: Hvis du vil spille p\u00e5 Eurovision, er det vigtigt, at du v\u00e6lger en p\u00e5lidelig Eurovision bookmaker. En bookmaker med dansk licens, der har gode Eurovision odds med mange markeder, er objektivt set de bedste at v\u00e6lge, og dem er der ogs\u00e5 masser af.<\/li>\n\n\n\n<li>Opret dig og indbetal penge: N\u00e5r du har fundet den spiludbyder, du gerne vil oprette dig p\u00e5, skal du verificere din konto og indbetale penge, s\u00e5 du er klar til at spille p\u00e5 Eurovision 2024.<\/li>\n\n\n\n<li>Forst\u00e5 oddsene: Eurovision odds viser, hvor sandsynligt det er, at et bestemt udfald kommer til at ske. Er oddset fx lavt p\u00e5 Kroatien til at vinde Eurovision, indikerer det, at der er st\u00f8rre sandsynlighed for, at Kroatien vinder Eurovision end en nation, der giver et h\u00f8jere odds.<\/li>\n\n\n\n<li>Placer din indsats: N\u00e5r du har fundet det odds, som du gerne vil placere en indsats p\u00e5, skal du indtaste det bel\u00f8b, som du \u00f8nsker at satse. Husk p\u00e5 at spille med omtanke og kun for midler, som du kan t\u00e5le at tabe.<\/li>\n<\/ul>\n\n\n\n<h2 class=\"wp-block-heading\">Eurovision betting liste &#8211; Bedste betting sider<\/h2>\n\n\n\n<p>Der er flere gode betting sider i Danmark, n\u00e5r det kommer til Eurovision odds, og i dette afsnit af guiden sammenligner vi tre af de bedste, der har odds p\u00e5 Eurovision Song Contest.<\/p>\n\n\n\n<figure class=\"wp-block-table\"><table><tbody><tr><td><strong>Betting Side<\/strong><\/td><td><strong>Eurovision Betting Funktioner<\/strong><\/td><td><strong>Promotions og Bonusser<\/strong><\/td><td><strong>Brugerbed\u00f8mmelser<\/strong><\/td><\/tr><tr><td><strong>Bet365<\/strong><\/td><td>Masser af markeder p\u00e5 Eurovision, s\u00e5som odds p\u00e5 vinderen, vinder af de to semifinaler og meget mere.<\/td><td>Velkomstbonus p\u00e5 op til 1.000 kroner i v\u00e6ddem\u00e5lskreditter til nye spillere.&nbsp;<\/td><td>Bet365 er verdens st\u00f8rste online betting site.<\/td><\/tr><tr><td><strong>NordicBet<\/strong><\/td><td>Hos NordicBet finder du ogs\u00e5 en bred vifte af markeder p\u00e5 Eurovision, og du kan spille p\u00e5 det samme som p\u00e5 Bet365.<\/td><td>Freebet p\u00e5 500 kroner til nye spillere.<\/td><td>NordicBet er en popul\u00e6r online spiludbyder.<\/td><\/tr><tr><td><strong>Unibet<\/strong><\/td><td>Unibet byder p\u00e5 mange af de samme Eurovision odds, som du finder hos de andre.&nbsp;<\/td><td>100 % indbetalingsbonus p\u00e5 op til 1.000 kroner for nye spillere.<\/td><td>Unibet er en kendt og popul\u00e6r bookmaker i Danmark.<\/td><\/tr><\/tbody><\/table><\/figure>\n\n\n\n<h2 class=\"wp-block-heading\">Tips til Eurovision Betting<\/h2>\n\n\n\n<p>Hvis du vil i gang med at spille p\u00e5 Eurovision Song Contest, er der nogle tips, du kan f\u00f8lge. Herunder kan du se tre Eurovision tips, som du kan bruge, som du har lyst.<\/p>\n\n\n\n<ul class=\"wp-block-list\">\n<li>Se pr\u00f8ver: Ved at se eller l\u00e6se om de forskellige nationers pr\u00f8ver op til Eurovision kan du f\u00e5 en fornemmelse af deres tilstedev\u00e6relse og evner til at optr\u00e6de, hvilket kan v\u00e6re med til at p\u00e5virke b\u00e5de din egen vurdering og markedets vurdering.<\/li>\n\n\n\n<li>Unders\u00f8g afstemningsm\u00f8nstre: I 2021 var Italien som n\u00e6vnt ikke favoritter til at vinde, og hvis du bruger tid p\u00e5 at analysere tidligere \u00e5rs afstemningsm\u00f8nstre ved Eurovision, kan du bedre f\u00e5 et indblik i, hvordan fx geografiske faktorer og andet kan v\u00e6re med til at p\u00e5virke stemmerne.<\/li>\n\n\n\n<li>Budgetstyring: Et tredje v\u00e6sentligt tip er, at du forvalter dine midler ansvarligt. Du skal kun spille om penge p\u00e5 Eurovision eller andet, hvis du har r\u00e5d til at tabe pengene. Du kan derfor s\u00e6tte et budget af til spil, og s\u00e5 er det bare vigtigt, at du ikke overskrider det.<\/li>\n<\/ul>\n\n\n\n<h2 class=\"wp-block-heading\">FAQ<\/h2>\n\n\n\n<p>Her kan du l\u00e6se om nogle af de mest ofte stillede sp\u00f8rgsm\u00e5l om Eurovision Song Contest.<\/p>\n\n\n\n<div class=\"schema-faq wp-block-yoast-faq-block\"><div class=\"schema-faq-section\" id=\"faq-question-1715153326696\"><strong class=\"schema-faq-question\"><strong>Hvordan v\u00e6lger jeg den bedste Eurovision betting side?<\/strong><\/strong> <p class=\"schema-faq-answer\">Det er et sp\u00f8rgsm\u00e5l om smag og behag. Hvis du vil have de bedste Eurovision odds, kan du sammenligne de forskellige bookmakeres odds. Er det mere vigtigt for dig, at brugervenligheden er i top, kan du fokusere p\u00e5 det. P\u00e5lidelighed, god kundeservice og s\u00e5 videre er ogs\u00e5 vigtige parametre, og du kan l\u00e6se anmeldelser af de forskellige bookmakere, s\u00e5 du pr\u00e6senteres for andres oplevelser.<\/p> <\/div> <div class=\"schema-faq-section\" id=\"faq-question-1715153374099\"><strong class=\"schema-faq-question\"><strong>Hvad skal jeg overveje, inden jeg placerer en Eurovision indsats?<\/strong><\/strong> <p class=\"schema-faq-answer\">Inden du v\u00e6lger at placere en indsats p\u00e5 et Eurovision odds, b\u00f8r du unders\u00f8ge alle sange ved Det Europ\u00e6iske Melodi Grand Prix, s\u00e5 du har en fornemmelse af, hvilke sange der er gode, og hvilke sange der er af ringere kvalitet. Du skal ogs\u00e5 unders\u00f8ge odds, s\u00e5 du ved, hvilke europ\u00e6iske lande der st\u00e5r st\u00e6rkest i konkurrencen.<\/p> <\/div> <div class=\"schema-faq-section\" id=\"faq-question-1715153374898\"><strong class=\"schema-faq-question\"><strong>Kan jeg satse p\u00e5 Eurovision fra alle lande?<\/strong><\/strong> <p class=\"schema-faq-answer\">Hvis du er min. 18 \u00e5r gammel og har adresse i Danmark, kan du spille p\u00e5 Eurovision fra Danmark.<\/p> <\/div> <div class=\"schema-faq-section\" id=\"faq-question-1715153376457\"><strong class=\"schema-faq-question\"><strong>Hvad er de bedste strategier for Eurovision prop bets?<\/strong><\/strong> <p class=\"schema-faq-answer\">Her er det igen vigtigt at unders\u00f8ge sangene, s\u00e5 du har en bedre chance for at vurdere bookmakernes odds p\u00e5 Det Europ\u00e6iske Melodi Grand Prix. Du kan ogs\u00e5 l\u00e6se, hvad eksperter p\u00e5 Eurovision mener om det.<\/p> <\/div> <\/div>\n","protected":false},"excerpt":{"rendered":"<p>Velkommen til denne ultimative guide til at spille p\u00e5 Eurovision song Contest 2024. Uagtet om du er en rutineret sportsbettor eller helt ny inden for betting, kan du finde nyttig information om Eurovision 2024 betting. Eurovision Song Contest 2024 afholdes i Malm\u00f6 Arena i Sverige for anden gang i Eurovisions historie. \u00c5rets Eurovision finder sted&#8230;<\/p>\n","protected":false},"author":7,"featured_media":0,"parent":2080,"menu_order":0,"comment_status":"closed","ping_status":"closed","template":"","meta":{"_acf_changed":false,"inline_featured_image":false,"footnotes":""},"class_list":["post-2081","page","type-page","status-publish","hentry"],"acf":[],"yoast_head":"<!-- This site is optimized with the Yoast SEO plugin v26.5 - https:\/\/yoast.com\/wordpress\/plugins\/seo\/ -->\n<title>Eurovision Betting Guide - TV Sporten Betting<\/title>\n<meta name=\"robots\" content=\"index, follow, max-snippet:-1, max-image-preview:large, max-video-preview:-1\" \/>\n<link rel=\"canonical\" href=\"https:\/\/www.tvsporten.dk\/betting\/eurovision\/tips\/\" \/>\n<meta property=\"og:locale\" content=\"da_DK\" \/>\n<meta property=\"og:type\" content=\"article\" \/>\n<meta property=\"og:title\" content=\"Eurovision Betting Guide - TV Sporten Betting\" \/>\n<meta property=\"og:description\" content=\"Velkommen til denne ultimative guide til at spille p\u00e5 Eurovision song Contest 2024. Uagtet om du er en rutineret sportsbettor eller helt ny inden for betting, kan du finde nyttig information om Eurovision 2024 betting. Eurovision Song Contest 2024 afholdes i Malm\u00f6 Arena i Sverige for anden gang i Eurovisions historie. \u00c5rets Eurovision finder sted...\" \/>\n<meta property=\"og:url\" content=\"https:\/\/www.tvsporten.dk\/betting\/eurovision\/tips\/\" \/>\n<meta property=\"og:site_name\" content=\"TV Sporten Betting\" \/>\n<meta property=\"article:modified_time\" content=\"2025-02-07T13:32:59+00:00\" \/>\n<meta name=\"twitter:card\" content=\"summary_large_image\" \/>\n<meta name=\"twitter:label1\" content=\"Estimeret l\u00e6setid\" \/>\n\t<meta name=\"twitter:data1\" content=\"8 minutter\" \/>\n<script type=\"application\/ld+json\" class=\"yoast-schema-graph\">{\"@context\":\"https:\/\/schema.org\",\"@graph\":[{\"@type\":[\"WebPage\",\"FAQPage\"],\"@id\":\"https:\/\/www.tvsporten.dk\/betting\/eurovision\/tips\/\",\"url\":\"https:\/\/www.tvsporten.dk\/betting\/eurovision\/tips\/\",\"name\":\"Eurovision Betting Guide - TV Sporten Betting\",\"isPartOf\":{\"@id\":\"https:\/\/www.tvsporten.dk\/betting\/#website\"},\"datePublished\":\"2024-05-08T10:08:47+00:00\",\"dateModified\":\"2025-02-07T13:32:59+00:00\",\"breadcrumb\":{\"@id\":\"https:\/\/www.tvsporten.dk\/betting\/eurovision\/tips\/#breadcrumb\"},\"mainEntity\":[{\"@id\":\"https:\/\/www.tvsporten.dk\/betting\/eurovision\/tips\/#faq-question-1715153326696\"},{\"@id\":\"https:\/\/www.tvsporten.dk\/betting\/eurovision\/tips\/#faq-question-1715153374099\"},{\"@id\":\"https:\/\/www.tvsporten.dk\/betting\/eurovision\/tips\/#faq-question-1715153374898\"},{\"@id\":\"https:\/\/www.tvsporten.dk\/betting\/eurovision\/tips\/#faq-question-1715153376457\"}],\"inLanguage\":\"da-DK\",\"potentialAction\":[{\"@type\":\"ReadAction\",\"target\":[\"https:\/\/www.tvsporten.dk\/betting\/eurovision\/tips\/\"]}]},{\"@type\":\"BreadcrumbList\",\"@id\":\"https:\/\/www.tvsporten.dk\/betting\/eurovision\/tips\/#breadcrumb\",\"itemListElement\":[{\"@type\":\"ListItem\",\"position\":1,\"name\":\"Hjem\",\"item\":\"https:\/\/www.tvsporten.dk\/\"},{\"@type\":\"ListItem\",\"position\":2,\"name\":\"Betting\",\"item\":\"https:\/\/www.tvsporten.dk\/betting\/\"},{\"@type\":\"ListItem\",\"position\":3,\"name\":\"Eurovision Song Contest 2024 odds\",\"item\":\"https:\/\/www.tvsporten.dk\/betting\/eurovision\/\"},{\"@type\":\"ListItem\",\"position\":4,\"name\":\"Eurovision Betting Guide\"}]},{\"@type\":\"WebSite\",\"@id\":\"https:\/\/www.tvsporten.dk\/betting\/#website\",\"url\":\"https:\/\/www.tvsporten.dk\/betting\/\",\"name\":\"TV Sporten Betting\",\"description\":\"De bedste odds og bonusser \u2013 find din bettingside her!\",\"publisher\":{\"@id\":\"https:\/\/www.tvsporten.dk\/betting\/#organization\"},\"potentialAction\":[{\"@type\":\"SearchAction\",\"target\":{\"@type\":\"EntryPoint\",\"urlTemplate\":\"https:\/\/www.tvsporten.dk\/betting\/?s={search_term_string}\"},\"query-input\":{\"@type\":\"PropertyValueSpecification\",\"valueRequired\":true,\"valueName\":\"search_term_string\"}}],\"inLanguage\":\"da-DK\"},{\"@type\":\"Organization\",\"@id\":\"https:\/\/www.tvsporten.dk\/betting\/#organization\",\"name\":\"TV Sporten Betting\",\"url\":\"https:\/\/www.tvsporten.dk\/betting\/\",\"logo\":{\"@type\":\"ImageObject\",\"inLanguage\":\"da-DK\",\"@id\":\"https:\/\/www.tvsporten.dk\/betting\/#\/schema\/logo\/image\/\",\"url\":\"https:\/\/www.tvsporten.dk\/betting\/wp-content\/uploads\/2023\/02\/logo-tvsporten-dk-betting-white.png\",\"contentUrl\":\"https:\/\/www.tvsporten.dk\/betting\/wp-content\/uploads\/2023\/02\/logo-tvsporten-dk-betting-white.png\",\"width\":448,\"height\":66,\"caption\":\"TV Sporten Betting\"},\"image\":{\"@id\":\"https:\/\/www.tvsporten.dk\/betting\/#\/schema\/logo\/image\/\"}},{\"@type\":\"Question\",\"@id\":\"https:\/\/www.tvsporten.dk\/betting\/eurovision\/tips\/#faq-question-1715153326696\",\"position\":1,\"url\":\"https:\/\/www.tvsporten.dk\/betting\/eurovision\/tips\/#faq-question-1715153326696\",\"name\":\"u003cstrongu003eHvordan v\u00e6lger jeg den bedste Eurovision betting side?u003c\/strongu003e\",\"answerCount\":1,\"acceptedAnswer\":{\"@type\":\"Answer\",\"text\":\"Det er et sp\u00f8rgsm\u00e5l om smag og behag. Hvis du vil have de bedste Eurovision odds, kan du sammenligne de forskellige bookmakeres odds. Er det mere vigtigt for dig, at brugervenligheden er i top, kan du fokusere p\u00e5 det. P\u00e5lidelighed, god kundeservice og s\u00e5 videre er ogs\u00e5 vigtige parametre, og du kan l\u00e6se anmeldelser af de forskellige bookmakere, s\u00e5 du pr\u00e6senteres for andres oplevelser.\",\"inLanguage\":\"da-DK\"},\"inLanguage\":\"da-DK\"},{\"@type\":\"Question\",\"@id\":\"https:\/\/www.tvsporten.dk\/betting\/eurovision\/tips\/#faq-question-1715153374099\",\"position\":2,\"url\":\"https:\/\/www.tvsporten.dk\/betting\/eurovision\/tips\/#faq-question-1715153374099\",\"name\":\"u003cstrongu003eHvad skal jeg overveje, inden jeg placerer en Eurovision indsats?u003c\/strongu003e\",\"answerCount\":1,\"acceptedAnswer\":{\"@type\":\"Answer\",\"text\":\"Inden du v\u00e6lger at placere en indsats p\u00e5 et Eurovision odds, b\u00f8r du unders\u00f8ge alle sange ved Det Europ\u00e6iske Melodi Grand Prix, s\u00e5 du har en fornemmelse af, hvilke sange der er gode, og hvilke sange der er af ringere kvalitet. Du skal ogs\u00e5 unders\u00f8ge odds, s\u00e5 du ved, hvilke europ\u00e6iske lande der st\u00e5r st\u00e6rkest i konkurrencen.\",\"inLanguage\":\"da-DK\"},\"inLanguage\":\"da-DK\"},{\"@type\":\"Question\",\"@id\":\"https:\/\/www.tvsporten.dk\/betting\/eurovision\/tips\/#faq-question-1715153374898\",\"position\":3,\"url\":\"https:\/\/www.tvsporten.dk\/betting\/eurovision\/tips\/#faq-question-1715153374898\",\"name\":\"u003cstrongu003eKan jeg satse p\u00e5 Eurovision fra alle lande?u003c\/strongu003e\",\"answerCount\":1,\"acceptedAnswer\":{\"@type\":\"Answer\",\"text\":\"Hvis du er min. 18 \u00e5r gammel og har adresse i Danmark, kan du spille p\u00e5 Eurovision fra Danmark.\",\"inLanguage\":\"da-DK\"},\"inLanguage\":\"da-DK\"},{\"@type\":\"Question\",\"@id\":\"https:\/\/www.tvsporten.dk\/betting\/eurovision\/tips\/#faq-question-1715153376457\",\"position\":4,\"url\":\"https:\/\/www.tvsporten.dk\/betting\/eurovision\/tips\/#faq-question-1715153376457\",\"name\":\"u003cstrongu003eHvad er de bedste strategier for Eurovision prop bets?u003c\/strongu003e\",\"answerCount\":1,\"acceptedAnswer\":{\"@type\":\"Answer\",\"text\":\"Her er det igen vigtigt at unders\u00f8ge sangene, s\u00e5 du har en bedre chance for at vurdere bookmakernes odds p\u00e5 Det Europ\u00e6iske Melodi Grand Prix. Du kan ogs\u00e5 l\u00e6se, hvad eksperter p\u00e5 Eurovision mener om det.\",\"inLanguage\":\"da-DK\"},\"inLanguage\":\"da-DK\"}]}<\/script>\n<!-- \/ Yoast SEO plugin. -->","yoast_head_json":{"title":"Eurovision Betting Guide - TV Sporten Betting","robots":{"index":"index","follow":"follow","max-snippet":"max-snippet:-1","max-image-preview":"max-image-preview:large","max-video-preview":"max-video-preview:-1"},"canonical":"https:\/\/www.tvsporten.dk\/betting\/eurovision\/tips\/","og_locale":"da_DK","og_type":"article","og_title":"Eurovision Betting Guide - TV Sporten Betting","og_description":"Velkommen til denne ultimative guide til at spille p\u00e5 Eurovision song Contest 2024. Uagtet om du er en rutineret sportsbettor eller helt ny inden for betting, kan du finde nyttig information om Eurovision 2024 betting. Eurovision Song Contest 2024 afholdes i Malm\u00f6 Arena i Sverige for anden gang i Eurovisions historie. \u00c5rets Eurovision finder sted...","og_url":"https:\/\/www.tvsporten.dk\/betting\/eurovision\/tips\/","og_site_name":"TV Sporten Betting","article_modified_time":"2025-02-07T13:32:59+00:00","twitter_card":"summary_large_image","twitter_misc":{"Estimeret l\u00e6setid":"8 minutter"},"schema":{"@context":"https:\/\/schema.org","@graph":[{"@type":["WebPage","FAQPage"],"@id":"https:\/\/www.tvsporten.dk\/betting\/eurovision\/tips\/","url":"https:\/\/www.tvsporten.dk\/betting\/eurovision\/tips\/","name":"Eurovision Betting Guide - TV Sporten Betting","isPartOf":{"@id":"https:\/\/www.tvsporten.dk\/betting\/#website"},"datePublished":"2024-05-08T10:08:47+00:00","dateModified":"2025-02-07T13:32:59+00:00","breadcrumb":{"@id":"https:\/\/www.tvsporten.dk\/betting\/eurovision\/tips\/#breadcrumb"},"mainEntity":[{"@id":"https:\/\/www.tvsporten.dk\/betting\/eurovision\/tips\/#faq-question-1715153326696"},{"@id":"https:\/\/www.tvsporten.dk\/betting\/eurovision\/tips\/#faq-question-1715153374099"},{"@id":"https:\/\/www.tvsporten.dk\/betting\/eurovision\/tips\/#faq-question-1715153374898"},{"@id":"https:\/\/www.tvsporten.dk\/betting\/eurovision\/tips\/#faq-question-1715153376457"}],"inLanguage":"da-DK","potentialAction":[{"@type":"ReadAction","target":["https:\/\/www.tvsporten.dk\/betting\/eurovision\/tips\/"]}]},{"@type":"BreadcrumbList","@id":"https:\/\/www.tvsporten.dk\/betting\/eurovision\/tips\/#breadcrumb","itemListElement":[{"@type":"ListItem","position":1,"name":"Hjem","item":"https:\/\/www.tvsporten.dk\/"},{"@type":"ListItem","position":2,"name":"Betting","item":"https:\/\/www.tvsporten.dk\/betting\/"},{"@type":"ListItem","position":3,"name":"Eurovision Song Contest 2024 odds","item":"https:\/\/www.tvsporten.dk\/betting\/eurovision\/"},{"@type":"ListItem","position":4,"name":"Eurovision Betting Guide"}]},{"@type":"WebSite","@id":"https:\/\/www.tvsporten.dk\/betting\/#website","url":"https:\/\/www.tvsporten.dk\/betting\/","name":"TV Sporten Betting","description":"De bedste odds og bonusser \u2013 find din bettingside her!","publisher":{"@id":"https:\/\/www.tvsporten.dk\/betting\/#organization"},"potentialAction":[{"@type":"SearchAction","target":{"@type":"EntryPoint","urlTemplate":"https:\/\/www.tvsporten.dk\/betting\/?s={search_term_string}"},"query-input":{"@type":"PropertyValueSpecification","valueRequired":true,"valueName":"search_term_string"}}],"inLanguage":"da-DK"},{"@type":"Organization","@id":"https:\/\/www.tvsporten.dk\/betting\/#organization","name":"TV Sporten Betting","url":"https:\/\/www.tvsporten.dk\/betting\/","logo":{"@type":"ImageObject","inLanguage":"da-DK","@id":"https:\/\/www.tvsporten.dk\/betting\/#\/schema\/logo\/image\/","url":"https:\/\/www.tvsporten.dk\/betting\/wp-content\/uploads\/2023\/02\/logo-tvsporten-dk-betting-white.png","contentUrl":"https:\/\/www.tvsporten.dk\/betting\/wp-content\/uploads\/2023\/02\/logo-tvsporten-dk-betting-white.png","width":448,"height":66,"caption":"TV Sporten Betting"},"image":{"@id":"https:\/\/www.tvsporten.dk\/betting\/#\/schema\/logo\/image\/"}},{"@type":"Question","@id":"https:\/\/www.tvsporten.dk\/betting\/eurovision\/tips\/#faq-question-1715153326696","position":1,"url":"https:\/\/www.tvsporten.dk\/betting\/eurovision\/tips\/#faq-question-1715153326696","name":"u003cstrongu003eHvordan v\u00e6lger jeg den bedste Eurovision betting side?u003c\/strongu003e","answerCount":1,"acceptedAnswer":{"@type":"Answer","text":"Det er et sp\u00f8rgsm\u00e5l om smag og behag. Hvis du vil have de bedste Eurovision odds, kan du sammenligne de forskellige bookmakeres odds. Er det mere vigtigt for dig, at brugervenligheden er i top, kan du fokusere p\u00e5 det. P\u00e5lidelighed, god kundeservice og s\u00e5 videre er ogs\u00e5 vigtige parametre, og du kan l\u00e6se anmeldelser af de forskellige bookmakere, s\u00e5 du pr\u00e6senteres for andres oplevelser.","inLanguage":"da-DK"},"inLanguage":"da-DK"},{"@type":"Question","@id":"https:\/\/www.tvsporten.dk\/betting\/eurovision\/tips\/#faq-question-1715153374099","position":2,"url":"https:\/\/www.tvsporten.dk\/betting\/eurovision\/tips\/#faq-question-1715153374099","name":"u003cstrongu003eHvad skal jeg overveje, inden jeg placerer en Eurovision indsats?u003c\/strongu003e","answerCount":1,"acceptedAnswer":{"@type":"Answer","text":"Inden du v\u00e6lger at placere en indsats p\u00e5 et Eurovision odds, b\u00f8r du unders\u00f8ge alle sange ved Det Europ\u00e6iske Melodi Grand Prix, s\u00e5 du har en fornemmelse af, hvilke sange der er gode, og hvilke sange der er af ringere kvalitet. Du skal ogs\u00e5 unders\u00f8ge odds, s\u00e5 du ved, hvilke europ\u00e6iske lande der st\u00e5r st\u00e6rkest i konkurrencen.","inLanguage":"da-DK"},"inLanguage":"da-DK"},{"@type":"Question","@id":"https:\/\/www.tvsporten.dk\/betting\/eurovision\/tips\/#faq-question-1715153374898","position":3,"url":"https:\/\/www.tvsporten.dk\/betting\/eurovision\/tips\/#faq-question-1715153374898","name":"u003cstrongu003eKan jeg satse p\u00e5 Eurovision fra alle lande?u003c\/strongu003e","answerCount":1,"acceptedAnswer":{"@type":"Answer","text":"Hvis du er min. 18 \u00e5r gammel og har adresse i Danmark, kan du spille p\u00e5 Eurovision fra Danmark.","inLanguage":"da-DK"},"inLanguage":"da-DK"},{"@type":"Question","@id":"https:\/\/www.tvsporten.dk\/betting\/eurovision\/tips\/#faq-question-1715153376457","position":4,"url":"https:\/\/www.tvsporten.dk\/betting\/eurovision\/tips\/#faq-question-1715153376457","name":"u003cstrongu003eHvad er de bedste strategier for Eurovision prop bets?u003c\/strongu003e","answerCount":1,"acceptedAnswer":{"@type":"Answer","text":"Her er det igen vigtigt at unders\u00f8ge sangene, s\u00e5 du har en bedre chance for at vurdere bookmakernes odds p\u00e5 Det Europ\u00e6iske Melodi Grand Prix. Du kan ogs\u00e5 l\u00e6se, hvad eksperter p\u00e5 Eurovision mener om det.","inLanguage":"da-DK"},"inLanguage":"da-DK"}]}},"_links":{"self":[{"href":"https:\/\/www.tvsporten.dk\/betting\/wp-json\/wp\/v2\/pages\/2081","targetHints":{"allow":["GET"]}}],"collection":[{"href":"https:\/\/www.tvsporten.dk\/betting\/wp-json\/wp\/v2\/pages"}],"about":[{"href":"https:\/\/www.tvsporten.dk\/betting\/wp-json\/wp\/v2\/types\/page"}],"author":[{"embeddable":true,"href":"https:\/\/www.tvsporten.dk\/betting\/wp-json\/wp\/v2\/users\/7"}],"replies":[{"embeddable":true,"href":"https:\/\/www.tvsporten.dk\/betting\/wp-json\/wp\/v2\/comments?post=2081"}],"version-history":[{"count":9,"href":"https:\/\/www.tvsporten.dk\/betting\/wp-json\/wp\/v2\/pages\/2081\/revisions"}],"predecessor-version":[{"id":3638,"href":"https:\/\/www.tvsporten.dk\/betting\/wp-json\/wp\/v2\/pages\/2081\/revisions\/3638"}],"up":[{"embeddable":true,"href":"https:\/\/www.tvsporten.dk\/betting\/wp-json\/wp\/v2\/pages\/2080"}],"wp:attachment":[{"href":"https:\/\/www.tvsporten.dk\/betting\/wp-json\/wp\/v2\/media?parent=2081"}],"curies":[{"name":"wp","href":"https:\/\/api.w.org\/{rel}","templated":true}]}}